{"id":28518,"date":"2020-04-03T01:23:42","date_gmt":"2020-06-08T22:35:19","guid":{"rendered":"https:\/\/educatennis.com\/product\/aprender-a-competir-2\/"},"modified":"2020-06-30T00:57:34","modified_gmt":"2020-06-29T22:57:34","slug":"aprender-a-competir-2","status":"publish","type":"product","link":"https:\/\/educatennis.com\/rafanadalacademycamps\/producto\/aprender-a-competir-2\/","title":{"rendered":"Aprender a competir"},"content":{"rendered":"<p>[vc_row][vc_column]<div id=\"highlight-box-wrap-2846\"  data-ultimate-target='#highlight-box-wrap-2846'  data-responsive-json-new='{\"font-size\":\"desktop:32px;\",\"line-height\":\"\"}'  class=\"ultimate-call-to-action ult-adjust-bottom-margin  ctaction-text-center ult-responsive\" style=\"font-family:Roboto;font-weight:bold;color:#ffffff;background:#e3f501;padding-top:20px;padding-bottom:20px;\"  data-background=\"#e3f501\"  data-background-hover=\"#ecece8\"  data-override=\"0\" ><div class=\"uvc-ctaction-data uvc-ctaction-data-no-effect ult-responsive\"><\/p>\n<h3 style=\"text-align: center;\"><span class=\"tlid-translation translation\" lang=\"es\"><span class=\"\" title=\"\"><span class=\"tlid-translation translation\" lang=\"en\">Maximiza el potencial de tus jugadores en competici\u00f3n <\/span><br \/>\n<\/span><\/span><\/h3>\n<p><\/div><\/div>[\/vc_column][\/vc_row][vc_row][vc_column][vc_empty_space][\/vc_column][\/vc_row][vc_row][vc_column width=\u00bb1\/3&#8243;][vc_column_text]<\/p>\n<h3><span style=\"color: #000000;\"><b>Objetivos del Curso:<\/b><\/span><\/h3>\n<hr \/>\n<p>Educatennis ofrece al entrenador un an\u00e1lisis profundo de los aspectos t\u00e1cticos fundamentales del juego individual y muestra c\u00f3mo entrenar estos aspectos en la cancha de tenis.<\/p>\n<p>Creemos que para desarrollar buenos competidores, los jugadores deben competir constantemente en la pr\u00e1ctica. Nuestro m\u00e9todo se basa en el aprendizaje haciendo (Learning by doing). El entrenador, a trav\u00e9s de juegos y competici\u00f3n, crea diferentes situaciones t\u00e1cticas y permite a los jugadores experimentar jugando. De esta manera los jugadores desarrollan sus habilidades de tenis, ampl\u00edan su comprensi\u00f3n del juego y fuerzan sus habilidades mentales.<\/p>\n<p>Para que este m\u00e9todo sea exitoso es importante que las actividades recreen las situaciones t\u00e1cticas correctamente y que el entrenador provea feedback \u00fatil a los jugadores. Los entrenadores deben tener presentes los objetivos t\u00e1cticos en cada situaci\u00f3n y qu\u00e9 aspectos son relevantes para alcanzar los objetivos.<\/p>\n<p>Este curso ofrece a los entrenadores una gu\u00eda para trabajar en las situaciones t\u00e1cticas m\u00e1s importantes del juego siguiendo nuestro aprendizaje haciendo m\u00e9todo.<\/p>\n<p>[\/vc_column_text][\/vc_column][vc_column width=\u00bb1\/3&#8243;][vc_column_text]<\/p>\n<h3><span style=\"color: #000000;\"><b>Quick wins:<\/b><\/span><\/h3>\n<hr \/>\n<ul>\n<li><span class=\"tlid-translation translation\" lang=\"en\"><span class=\"\" title=\"\">Recibe un estudio completo de las estrategias de tenis de una manera ordenada y sencilla de entender. (\u00bfQu\u00e9 debe saber el jugador?)<\/span><\/span><\/li>\n<li><span class=\"tlid-translation translation\" lang=\"en\"><span class=\"\" title=\"\">Recibe una gu\u00eda sobre c\u00f3mo introducir estos conceptos a los jugadores: integrar nuevas din\u00e1micas en pista, maximizando el cumplimiento y el desarrollo de los jugadores. <\/span><\/span><\/li>\n<li><span class=\"tlid-translation translation\" lang=\"en\"><span class=\"\" title=\"\">Posicionarse como un gran entrenador, siendo capaz de transmitir conocimiento de una manera f\u00e1cil y ordenada a sus jugadores.<\/span> <\/span><\/li>\n<li>Se distinguen ense\u00f1ando de una manera moderna y exitosa. (Aprender haciendo)<\/li>\n<\/ul>\n<p>[\/vc_column_text][\/vc_column][vc_column width=\u00bb1\/3&#8243;][vc_column_text]<\/p>\n<h3><b>Qu\u00e9 incluye<\/b><\/h3>\n<hr \/>\n<ul>\n<li>Acceso de por vida a los contenidos<\/li>\n<li>Documentos y soporte de v\u00eddeo<\/li>\n<li>Acceso m\u00f3vil<\/li>\n<li>Certificado de finalizaci\u00f3n<\/li>\n<\/ul>\n<p>[\/vc_column_text][\/vc_column][\/vc_row][vc_row][vc_column][vc_empty_space][\/vc_column][\/vc_row][vc_row][vc_column][vc_cta h2=\u00bbDirigido a:\u00bb h2_font_container=\u00bbcolor:%23e3f501&#8243; h2_use_theme_fonts=\u00bbyes\u00bb h4_use_theme_fonts=\u00bbyes\u00bb txt_align=\u00bbcenter\u00bb style=\u00bbcustom\u00bb use_custom_fonts_h2=\u00bbtrue\u00bb use_custom_fonts_h4=\u00bbtrue\u00bb custom_background=\u00bb#808080&#8243; custom_text=\u00bb#ffffff\u00bb]<span class=\"tlid-translation translation\" lang=\"en\"><span title=\"\">Entrenadores de diferentes programas de tenis (programas juveniles, escuela media, bachillerato, privados) y padres que quieren ayudar a sus jugadores a entender mejor las t\u00e1cticas del juego y aprender a ejecutarlos correctamente.<\/span><\/span>[\/vc_cta][vc_empty_space][vc_separator][vc_empty_space][\/vc_column][\/vc_row][vc_row][vc_column width=\u00bb1\/6&#8243;][vc_icon icon_fontawesome=\u00bbfar fa-lightbulb\u00bb color=\u00bbcustom\u00bb custom_color=\u00bb#c4d600&#8243;][\/vc_column][vc_column width=\u00bb2\/3&#8243;][vc_column_text el_class=\u00bbcontainer\u00bb]<\/p>\n<h3 style=\"text-align: center;\"><span style=\"color: #000000;\">Lecciones del curso:<\/span><\/h3>\n<p>[\/vc_column_text][vc_empty_space][vc_separator color=\u00bbcustom\u00bb accent_color=\u00bb#e3f501&#8243;][\/vc_column][vc_column width=\u00bb1\/6&#8243;][\/vc_column][\/vc_row][vc_row el_class=\u00bbcontainer\u00bb][vc_column][vc_empty_space][vc_column_text]1- Juego de fondo en consistencia y cambio de direcciones.<br \/>\n2- Juego de fondo en consistencia y aberturas cortas cruzadas.<br \/>\n3- Juego de fondo en consistencia y posteriores ataques.<br \/>\n4- Desarrollo de la derecha invertida generando fuerza y posteriores ataques.<br \/>\n5- Crear acciones donde se trabaje la gesti\u00f3n de la ventaja en el juego.<br \/>\n<a href=\"https:\/\/educatennis.com\/lesson\/crear-acciones-donde-se-trabaje-la-gestion-de-la-desventaja-en-el-juego-3\/\">6- Crear acciones donde se trabaje la gesti\u00f3n de la desventaja en el juego (Haga click aqu\u00ed para acceder a la versi\u00f3n de prueba gratuita)<\/a><br \/>\n7- Generaci\u00f3n de fuerza en el juego de fondo y posteriores aproximaciones a la red.<br \/>\n8- Tomas de decisi\u00f3n \u00abaproximaci\u00f3n al hueco o contrapi\u00e9 \u2013 fondo\u00bb<br \/>\n9- Inicios de jugadas con el Servicio y el Resto y posteriores golpes de fondo.<br \/>\n10- Inicios de jugadas con el Servicio \u2013 volea \/ Resto \u2013 Volea.<br \/>\n11- Desarrollar los golpes de fondo como armas de ataque.<br \/>\n12- Combinar Ataques contra Defensas y viceversa.<br \/>\n13- El juego de fondo trabajado en grupo (hasta cuatro jugadores).<br \/>\n<a href=\"https:\/\/educatennis.com\/lesson\/el-juego-de-fondo-trabajado-en-grupo-de-4-jugadores-3\/\">14- El juego de fondo trabajado en grupo (+ de 4 jugadores) (Haga click aqu\u00ed para acceder a la versi\u00f3n de prueba gratuita)<\/a><br \/>\n15- El juego de aproximaci\u00f3n trabajado en grupo.<br \/>\n16- El juego de red.<br \/>\n17 \u2013 El juego de fondo reduciendo el espacio.<br \/>\n18 \u2013 Inicios de jugada reduciendo el espacio.<br \/>\n19 \u2013 Jugadas b\u00e1sicas en el juego de dobles.[\/vc_column_text][vc_empty_space][\/vc_column][\/vc_row]<\/p>\n","protected":false},"excerpt":{"rendered":"<p>Aprende a competir a trav\u00e9s de juegos y puntos t\u00e1cticos<\/p>\n","protected":false},"featured_media":15995,"comment_status":"open","ping_status":"closed","template":"","meta":[],"product_cat":[124],"product_tag":[213,363,265,364],"acf":[],"yoast_head":"<!-- This site is optimized with the Yoast SEO plugin v17.6 - https:\/\/yoast.com\/wordpress\/plugins\/seo\/ -->\n<title>Aprender a competir - Educatennis<\/title>\n<meta name=\"robots\" content=\"index, follow, max-snippet:-1, max-image-preview:large, max-video-preview:-1\" \/>\n<link rel=\"canonical\" href=\"https:\/\/educatennis.com\/rafanadalacademycamps\/producto\/aprender-a-competir-2\/\" \/>\n<meta property=\"og:locale\" content=\"es_ES\" \/>\n<meta property=\"og:type\" content=\"article\" \/>\n<meta property=\"og:title\" content=\"Aprender a competir - Educatennis\" \/>\n<meta property=\"og:description\" content=\"Aprende a competir a trav\u00e9s de juegos y puntos t\u00e1cticos\" \/>\n<meta property=\"og:url\" content=\"https:\/\/educatennis.com\/rafanadalacademycamps\/producto\/aprender-a-competir-2\/\" \/>\n<meta property=\"og:site_name\" content=\"Educatennis\" \/>\n<meta property=\"article:publisher\" content=\"https:\/\/www.facebook.com\/educatennis\" \/>\n<meta property=\"article:modified_time\" content=\"2020-06-29T22:57:34+00:00\" \/>\n<meta property=\"og:image\" content=\"https:\/\/educatennis.com\/rafanadalacademycamps\/wp-content\/uploads\/2020\/04\/tennis-blue-clay-madrid-woman-ok.jpg\" \/>\n\t<meta property=\"og:image:width\" content=\"1880\" \/>\n\t<meta property=\"og:image:height\" content=\"1253\" \/>\n<meta name=\"twitter:card\" content=\"summary_large_image\" \/>\n<meta name=\"twitter:label1\" content=\"Tiempo de lectura\" \/>\n\t<meta name=\"twitter:data1\" content=\"4 minutos\" \/>\n<script type=\"application\/ld+json\" class=\"yoast-schema-graph\">{\"@context\":\"https:\/\/schema.org\",\"@graph\":[{\"@type\":\"Organization\",\"@id\":\"https:\/\/educatennis.com\/rafanadalacademycamps\/en\/#organization\",\"name\":\"Educatennis\",\"url\":\"https:\/\/educatennis.com\/rafanadalacademycamps\/en\/\",\"sameAs\":[\"https:\/\/www.facebook.com\/educatennis\",\"https:\/\/www.instagram.com\/educatennis\",\"https:\/\/www.youtube.com\/channel\/UCMVUY-lze1xyVPmFZsbdvyw\"],\"logo\":{\"@type\":\"ImageObject\",\"@id\":\"https:\/\/educatennis.com\/rafanadalacademycamps\/en\/#logo\",\"inLanguage\":\"es\",\"url\":\"https:\/\/educatennis.com\/wp-content\/uploads\/2020\/05\/WPC_-Negativa-color-RGB-1.jpg\",\"contentUrl\":\"https:\/\/educatennis.com\/wp-content\/uploads\/2020\/05\/WPC_-Negativa-color-RGB-1.jpg\",\"width\":169,\"height\":60,\"caption\":\"Educatennis\"},\"image\":{\"@id\":\"https:\/\/educatennis.com\/rafanadalacademycamps\/en\/#logo\"}},{\"@type\":\"WebSite\",\"@id\":\"https:\/\/educatennis.com\/rafanadalacademycamps\/en\/#website\",\"url\":\"https:\/\/educatennis.com\/rafanadalacademycamps\/en\/\",\"name\":\"Educatennis\",\"description\":\"Educatennis\",\"publisher\":{\"@id\":\"https:\/\/educatennis.com\/rafanadalacademycamps\/en\/#organization\"},\"potentialAction\":[{\"@type\":\"SearchAction\",\"target\":{\"@type\":\"EntryPoint\",\"urlTemplate\":\"https:\/\/educatennis.com\/rafanadalacademycamps\/en\/?s={search_term_string}\"},\"query-input\":\"required name=search_term_string\"}],\"inLanguage\":\"es\"},{\"@type\":\"ImageObject\",\"@id\":\"https:\/\/educatennis.com\/rafanadalacademycamps\/producto\/aprender-a-competir-2\/#primaryimage\",\"inLanguage\":\"es\",\"url\":\"https:\/\/educatennis.com\/rafanadalacademycamps\/wp-content\/uploads\/2020\/04\/tennis-blue-clay-madrid-woman-ok.jpg\",\"contentUrl\":\"https:\/\/educatennis.com\/rafanadalacademycamps\/wp-content\/uploads\/2020\/04\/tennis-blue-clay-madrid-woman-ok.jpg\",\"width\":1880,\"height\":1253},{\"@type\":\"WebPage\",\"@id\":\"https:\/\/educatennis.com\/rafanadalacademycamps\/producto\/aprender-a-competir-2\/#webpage\",\"url\":\"https:\/\/educatennis.com\/rafanadalacademycamps\/producto\/aprender-a-competir-2\/\",\"name\":\"Aprender a competir - Educatennis\",\"isPartOf\":{\"@id\":\"https:\/\/educatennis.com\/rafanadalacademycamps\/en\/#website\"},\"primaryImageOfPage\":{\"@id\":\"https:\/\/educatennis.com\/rafanadalacademycamps\/producto\/aprender-a-competir-2\/#primaryimage\"},\"datePublished\":\"2020-06-08T22:35:19+00:00\",\"dateModified\":\"2020-06-29T22:57:34+00:00\",\"breadcrumb\":{\"@id\":\"https:\/\/educatennis.com\/rafanadalacademycamps\/producto\/aprender-a-competir-2\/#breadcrumb\"},\"inLanguage\":\"es\",\"potentialAction\":[{\"@type\":\"ReadAction\",\"target\":[\"https:\/\/educatennis.com\/rafanadalacademycamps\/producto\/aprender-a-competir-2\/\"]}]},{\"@type\":\"BreadcrumbList\",\"@id\":\"https:\/\/educatennis.com\/rafanadalacademycamps\/producto\/aprender-a-competir-2\/#breadcrumb\",\"itemListElement\":[{\"@type\":\"ListItem\",\"position\":1,\"name\":\"Portada\",\"item\":\"https:\/\/educatennis.com\/rafanadalacademycamps\/\"},{\"@type\":\"ListItem\",\"position\":2,\"name\":\"Tienda\",\"item\":\"https:\/\/educatennis.com\/rafanadalacademycamps\/tienda\/\"},{\"@type\":\"ListItem\",\"position\":3,\"name\":\"Aprender a competir\"}]}]}<\/script>\n<!-- \/ Yoast SEO plugin. -->","yoast_head_json":{"title":"Aprender a competir - Educatennis","robots":{"index":"index","follow":"follow","max-snippet":"max-snippet:-1","max-image-preview":"max-image-preview:large","max-video-preview":"max-video-preview:-1"},"canonical":"https:\/\/educatennis.com\/rafanadalacademycamps\/producto\/aprender-a-competir-2\/","og_locale":"es_ES","og_type":"article","og_title":"Aprender a competir - Educatennis","og_description":"Aprende a competir a trav\u00e9s de juegos y puntos t\u00e1cticos","og_url":"https:\/\/educatennis.com\/rafanadalacademycamps\/producto\/aprender-a-competir-2\/","og_site_name":"Educatennis","article_publisher":"https:\/\/www.facebook.com\/educatennis","article_modified_time":"2020-06-29T22:57:34+00:00","og_image":[{"width":1880,"height":1253,"url":"https:\/\/educatennis.com\/rafanadalacademycamps\/wp-content\/uploads\/2020\/04\/tennis-blue-clay-madrid-woman-ok.jpg","type":"image\/jpeg"}],"twitter_card":"summary_large_image","twitter_misc":{"Tiempo de lectura":"4 minutos"},"schema":{"@context":"https:\/\/schema.org","@graph":[{"@type":"Organization","@id":"https:\/\/educatennis.com\/rafanadalacademycamps\/en\/#organization","name":"Educatennis","url":"https:\/\/educatennis.com\/rafanadalacademycamps\/en\/","sameAs":["https:\/\/www.facebook.com\/educatennis","https:\/\/www.instagram.com\/educatennis","https:\/\/www.youtube.com\/channel\/UCMVUY-lze1xyVPmFZsbdvyw"],"logo":{"@type":"ImageObject","@id":"https:\/\/educatennis.com\/rafanadalacademycamps\/en\/#logo","inLanguage":"es","url":"https:\/\/educatennis.com\/wp-content\/uploads\/2020\/05\/WPC_-Negativa-color-RGB-1.jpg","contentUrl":"https:\/\/educatennis.com\/wp-content\/uploads\/2020\/05\/WPC_-Negativa-color-RGB-1.jpg","width":169,"height":60,"caption":"Educatennis"},"image":{"@id":"https:\/\/educatennis.com\/rafanadalacademycamps\/en\/#logo"}},{"@type":"WebSite","@id":"https:\/\/educatennis.com\/rafanadalacademycamps\/en\/#website","url":"https:\/\/educatennis.com\/rafanadalacademycamps\/en\/","name":"Educatennis","description":"Educatennis","publisher":{"@id":"https:\/\/educatennis.com\/rafanadalacademycamps\/en\/#organization"},"potentialAction":[{"@type":"SearchAction","target":{"@type":"EntryPoint","urlTemplate":"https:\/\/educatennis.com\/rafanadalacademycamps\/en\/?s={search_term_string}"},"query-input":"required name=search_term_string"}],"inLanguage":"es"},{"@type":"ImageObject","@id":"https:\/\/educatennis.com\/rafanadalacademycamps\/producto\/aprender-a-competir-2\/#primaryimage","inLanguage":"es","url":"https:\/\/educatennis.com\/rafanadalacademycamps\/wp-content\/uploads\/2020\/04\/tennis-blue-clay-madrid-woman-ok.jpg","contentUrl":"https:\/\/educatennis.com\/rafanadalacademycamps\/wp-content\/uploads\/2020\/04\/tennis-blue-clay-madrid-woman-ok.jpg","width":1880,"height":1253},{"@type":"WebPage","@id":"https:\/\/educatennis.com\/rafanadalacademycamps\/producto\/aprender-a-competir-2\/#webpage","url":"https:\/\/educatennis.com\/rafanadalacademycamps\/producto\/aprender-a-competir-2\/","name":"Aprender a competir - Educatennis","isPartOf":{"@id":"https:\/\/educatennis.com\/rafanadalacademycamps\/en\/#website"},"primaryImageOfPage":{"@id":"https:\/\/educatennis.com\/rafanadalacademycamps\/producto\/aprender-a-competir-2\/#primaryimage"},"datePublished":"2020-06-08T22:35:19+00:00","dateModified":"2020-06-29T22:57:34+00:00","breadcrumb":{"@id":"https:\/\/educatennis.com\/rafanadalacademycamps\/producto\/aprender-a-competir-2\/#breadcrumb"},"inLanguage":"es","potentialAction":[{"@type":"ReadAction","target":["https:\/\/educatennis.com\/rafanadalacademycamps\/producto\/aprender-a-competir-2\/"]}]},{"@type":"BreadcrumbList","@id":"https:\/\/educatennis.com\/rafanadalacademycamps\/producto\/aprender-a-competir-2\/#breadcrumb","itemListElement":[{"@type":"ListItem","position":1,"name":"Portada","item":"https:\/\/educatennis.com\/rafanadalacademycamps\/"},{"@type":"ListItem","position":2,"name":"Tienda","item":"https:\/\/educatennis.com\/rafanadalacademycamps\/tienda\/"},{"@type":"ListItem","position":3,"name":"Aprender a competir"}]}]}},"_links":{"self":[{"href":"https:\/\/educatennis.com\/rafanadalacademycamps\/wp-json\/wp\/v2\/product\/28518"}],"collection":[{"href":"https:\/\/educatennis.com\/rafanadalacademycamps\/wp-json\/wp\/v2\/product"}],"about":[{"href":"https:\/\/educatennis.com\/rafanadalacademycamps\/wp-json\/wp\/v2\/types\/product"}],"replies":[{"embeddable":true,"href":"https:\/\/educatennis.com\/rafanadalacademycamps\/wp-json\/wp\/v2\/comments?post=28518"}],"wp:featuredmedia":[{"embeddable":true,"href":"https:\/\/educatennis.com\/rafanadalacademycamps\/wp-json\/wp\/v2\/media\/15995"}],"wp:attachment":[{"href":"https:\/\/educatennis.com\/rafanadalacademycamps\/wp-json\/wp\/v2\/media?parent=28518"}],"wp:term":[{"taxonomy":"product_cat","embeddable":true,"href":"https:\/\/educatennis.com\/rafanadalacademycamps\/wp-json\/wp\/v2\/product_cat?post=28518"},{"taxonomy":"product_tag","embeddable":true,"href":"https:\/\/educatennis.com\/rafanadalacademycamps\/wp-json\/wp\/v2\/product_tag?post=28518"}],"curies":[{"name":"wp","href":"https:\/\/api.w.org\/{rel}","templated":true}]}}