{"id":28516,"date":"2020-03-01T00:06:25","date_gmt":"2020-06-08T22:24:32","guid":{"rendered":"https:\/\/educatennis.com\/product\/entrenamiento-integral\/"},"modified":"2020-06-30T01:02:54","modified_gmt":"2020-06-29T23:02:54","slug":"entrenamiento-integral","status":"publish","type":"product","link":"https:\/\/educatennis.com\/rafanadalacademycamps\/producto\/entrenamiento-integral\/","title":{"rendered":"Entrenamiento integral"},"content":{"rendered":"<p>[vc_row][vc_column]<div id=\"highlight-box-wrap-7036\"  data-ultimate-target='#highlight-box-wrap-7036'  data-responsive-json-new='{\"font-size\":\"desktop:32px;\",\"line-height\":\"\"}'  class=\"ultimate-call-to-action ult-adjust-bottom-margin  ctaction-text-center ult-responsive\" style=\"font-family:Roboto;font-weight:bold;color:#ffffff;background:#e3f501;padding-top:20px;padding-bottom:20px;\"  data-background=\"#e3f501\"  data-background-hover=\"#ecece8\"  data-override=\"0\" ><div class=\"uvc-ctaction-data uvc-ctaction-data-no-effect ult-responsive\"><\/p>\n<h3 style=\"text-align: center;\">Maximiza el potencial de tus jugadores desarrollando habilidades mentales y construyendo el personaje<\/h3>\n<p><\/div><\/div>[\/vc_column][\/vc_row][vc_row][vc_column][vc_empty_space][\/vc_column][\/vc_row][vc_row][vc_column width=\u00bb1\/3&#8243;][vc_column_text]<\/p>\n<h3><b>Objetivos del Curso:<\/b><\/h3>\n<hr \/>\n<p>Educatennis ofrece al entrenador un an\u00e1lisis profundo de las cualidades mentales clave y personalidades aspectos que los mejores jugadores plantean y muestra a los entrenadores c\u00f3mo trabajar con sus jugadores.<\/p>\n<p>En la actual era del tenis, los jugadores desarrollan al m\u00e1ximo sus cualidades t\u00e9cnicas, t\u00e1cticas y f\u00edsicas, pero lo que realmente distingue a los grandes jugadores son sus habilidades mentales (concentraci\u00f3n, control de atenci\u00f3n, visualizaci\u00f3n, etc.) y cualidades de personalidad (paciencia, resiliencia, tolerancia a la frustraci\u00f3n, etc.)<\/p>\n<p>En este curso aprender\u00e1s c\u00f3mo integrar estos aspectos en tu entrenamiento. De hecho, las habilidades mentales representan el centro de nuestro sistema de entrenamiento integrado. Por ejemplo, si los jugadores quieren trabajar en la mejora de su juego defensivo, primero tendr\u00e1n que encontrar su nivel m\u00e1s alto de intensidad y esfuerzo y luego empezar a promover en otros conceptos t\u00e1cticos y t\u00e9cnicos.[\/vc_column_text][\/vc_column][vc_column width=\u00bb1\/3&#8243;][vc_column_text]<\/p>\n<h3><b>Quick wins:<\/b><\/h3>\n<hr \/>\n<ul>\n<li><span class=\"tlid-translation translation\" lang=\"en\"><span class=\"\" title=\"\">Recibe contenido relevante sobre los aspectos mentales clave que debes centrar en tus pr\u00e1cticas para desarrollar grandes jugadores.<\/span><\/span><\/li>\n<li><span class=\"tlid-translation translation\" lang=\"en\"><span class=\"\" title=\"\">Recibe sugerencias sobre c\u00f3mo introducir estos conceptos a los jugadores.<\/span><\/span><\/li>\n<li><span class=\"tlid-translation translation\" lang=\"en\"><span class=\"\" title=\"\">Posicionarse como un gran entrenador, siendo capaz de guiar a los jugadores en su largo viaje para convertirse en jugadores de tenis.<\/span><\/span><\/li>\n<\/ul>\n<p>[\/vc_column_text][\/vc_column][vc_column width=\u00bb1\/3&#8243;][vc_column_text]<\/p>\n<h3><b>Qu\u00e9 incluye<\/b><\/h3>\n<hr \/>\n<ul>\n<li>Acceso de por vida a los contenidos<\/li>\n<li>Documentos y soporte de v\u00eddeo<\/li>\n<li>Acceso m\u00f3vil<\/li>\n<li>Certificado de finalizaci\u00f3n<\/li>\n<\/ul>\n<p>[\/vc_column_text][\/vc_column][\/vc_row][vc_row][vc_column][vc_empty_space][\/vc_column][\/vc_row][vc_row][vc_column][vc_cta h2=\u00bbDirigido a:\u00bb h2_font_container=\u00bbcolor:%23e3f501&#8243; h2_use_theme_fonts=\u00bbyes\u00bb h4_use_theme_fonts=\u00bbyes\u00bb txt_align=\u00bbcenter\u00bb style=\u00bbcustom\u00bb use_custom_fonts_h2=\u00bbtrue\u00bb use_custom_fonts_h4=\u00bbtrue\u00bb custom_background=\u00bb#808080&#8243; custom_text=\u00bb#ffffff\u00bb]Entrenadores ambiciosos de diferentes programas de tenis (programas juveniles, escuela media, bachillerato, privado, universidad) y padres que quieren construir las pilares para el \u00e9xito de sus jugadores mediante el desarrollo de car\u00e1cter fuerte y mentes poderosas.[\/vc_cta][vc_empty_space][vc_separator][vc_empty_space][\/vc_column][\/vc_row][vc_row][vc_column width=\u00bb1\/6&#8243;][vc_icon icon_fontawesome=\u00bbfar fa-lightbulb\u00bb color=\u00bbcustom\u00bb custom_color=\u00bb#c4d600&#8243;][\/vc_column][vc_column width=\u00bb2\/3&#8243;][vc_column_text el_class=\u00bbcontainer\u00bb]<\/p>\n<h3 style=\"text-align: center;\">Lecciones del curso:<\/h3>\n<p>[\/vc_column_text][vc_empty_space][vc_separator color=\u00bbcustom\u00bb accent_color=\u00bb#c4d600&#8243;][\/vc_column][\/vc_row][vc_row el_class=\u00bbcontainer\u00bb][vc_column][vc_empty_space][vc_column_text]1 \u2013 Trabajar la Atenci\u00f3n en la T\u00e9cnica de golpeo y Desplazamientos. Vista previa gratuita<\/p>\n<p>2 \u2013 Poner la Atenci\u00f3n en la Generaci\u00f3n de Fuerza.<\/p>\n<p>3 \u2013\u00a0 La Autonom\u00eda y la Responsabilidad.<\/p>\n<p>4 \u2013\u00a0 La Concentraci\u00f3n.<\/p>\n<p><a href=\"https:\/\/educatennis.com\/free-trial\/\">5 \u2013<\/a><a href=\"https:\/\/educatennis.com\/lesson\/el-control-emocional-3\/\">Control emocional (Haga clic aqu\u00ed para acceder a la lecci\u00f3n de prueba gratuita)<\/a><\/p>\n<p>6 \u2013 La Creatividad.<\/p>\n<p><a href=\"https:\/\/educatennis.com\/lesson\/la-disciplina-y-las-tomas-de-decision-2\/\">7 \u2013 La Disciplina y las Tomas de Decisi\u00f3n (Haga clic aqu\u00ed para acceder a la lecci\u00f3n de prueba gratuita)<\/a><\/p>\n<p>8 \u2013 Fortalecer la Confianza en las Debilidades del Jugador.<\/p>\n<p>9 \u2013 Afianzar la Confianza en las Fortalezas del Jugador.<\/p>\n<p>10 \u2013 Gesti\u00f3n del Riesgo.<\/p>\n<p>11 \u2013 Gesti\u00f3n del Score.<\/p>\n<p>12 \u2013 Trabajar la Superaci\u00f3n y la Tolerancia a la Frustraci\u00f3n.<\/p>\n<p>13 \u2013 Trabajar el Orden \u00abantes y despu\u00e9s de la competici\u00f3n\u00bb.<\/p>\n<p>14 \u2013 Trabajar la Paciencia.<\/p>\n<p>15\u2013 Trabajar las visualizaciones de jugadas.[\/vc_column_text][vc_empty_space][\/vc_column][\/vc_row]<\/p>\n","protected":false},"excerpt":{"rendered":"<p>Habilidades mentales y fundamentos del tenis. Mejora el trabajo de habilidades mentales en pista<\/p>\n","protected":false},"featured_media":13442,"comment_status":"open","ping_status":"closed","template":"","meta":[],"product_cat":[124],"product_tag":[213,221,222,223],"acf":[],"yoast_head":"<!-- This site is optimized with the Yoast SEO plugin v17.6 - https:\/\/yoast.com\/wordpress\/plugins\/seo\/ -->\n<title>Entrenamiento integral - Educatennis<\/title>\n<meta name=\"robots\" content=\"index, follow, max-snippet:-1, max-image-preview:large, max-video-preview:-1\" \/>\n<link rel=\"canonical\" href=\"https:\/\/educatennis.com\/rafanadalacademycamps\/producto\/entrenamiento-integral\/\" \/>\n<meta property=\"og:locale\" content=\"es_ES\" \/>\n<meta property=\"og:type\" content=\"article\" \/>\n<meta property=\"og:title\" content=\"Entrenamiento integral - Educatennis\" \/>\n<meta property=\"og:description\" content=\"Habilidades mentales y fundamentos del tenis. Mejora el trabajo de habilidades mentales en pista\" \/>\n<meta property=\"og:url\" content=\"https:\/\/educatennis.com\/rafanadalacademycamps\/producto\/entrenamiento-integral\/\" \/>\n<meta property=\"og:site_name\" content=\"Educatennis\" \/>\n<meta property=\"article:publisher\" content=\"https:\/\/www.facebook.com\/educatennis\" \/>\n<meta property=\"article:modified_time\" content=\"2020-06-29T23:02:54+00:00\" \/>\n<meta property=\"og:image\" content=\"https:\/\/educatennis.com\/rafanadalacademycamps\/wp-content\/uploads\/2020\/02\/tennis_galactic_ball_sport_universe_orbit_galaxy_globe-626893.jpgd-ok.jpg\" \/>\n\t<meta property=\"og:image:width\" content=\"1880\" \/>\n\t<meta property=\"og:image:height\" content=\"1283\" \/>\n<meta name=\"twitter:card\" content=\"summary_large_image\" \/>\n<meta name=\"twitter:label1\" content=\"Tiempo de lectura\" \/>\n\t<meta name=\"twitter:data1\" content=\"3 minutos\" \/>\n<script type=\"application\/ld+json\" class=\"yoast-schema-graph\">{\"@context\":\"https:\/\/schema.org\",\"@graph\":[{\"@type\":\"Organization\",\"@id\":\"https:\/\/educatennis.com\/rafanadalacademycamps\/en\/#organization\",\"name\":\"Educatennis\",\"url\":\"https:\/\/educatennis.com\/rafanadalacademycamps\/en\/\",\"sameAs\":[\"https:\/\/www.facebook.com\/educatennis\",\"https:\/\/www.instagram.com\/educatennis\",\"https:\/\/www.youtube.com\/channel\/UCMVUY-lze1xyVPmFZsbdvyw\"],\"logo\":{\"@type\":\"ImageObject\",\"@id\":\"https:\/\/educatennis.com\/rafanadalacademycamps\/en\/#logo\",\"inLanguage\":\"es\",\"url\":\"https:\/\/educatennis.com\/wp-content\/uploads\/2020\/05\/WPC_-Negativa-color-RGB-1.jpg\",\"contentUrl\":\"https:\/\/educatennis.com\/wp-content\/uploads\/2020\/05\/WPC_-Negativa-color-RGB-1.jpg\",\"width\":169,\"height\":60,\"caption\":\"Educatennis\"},\"image\":{\"@id\":\"https:\/\/educatennis.com\/rafanadalacademycamps\/en\/#logo\"}},{\"@type\":\"WebSite\",\"@id\":\"https:\/\/educatennis.com\/rafanadalacademycamps\/en\/#website\",\"url\":\"https:\/\/educatennis.com\/rafanadalacademycamps\/en\/\",\"name\":\"Educatennis\",\"description\":\"Educatennis\",\"publisher\":{\"@id\":\"https:\/\/educatennis.com\/rafanadalacademycamps\/en\/#organization\"},\"potentialAction\":[{\"@type\":\"SearchAction\",\"target\":{\"@type\":\"EntryPoint\",\"urlTemplate\":\"https:\/\/educatennis.com\/rafanadalacademycamps\/en\/?s={search_term_string}\"},\"query-input\":\"required name=search_term_string\"}],\"inLanguage\":\"es\"},{\"@type\":\"ImageObject\",\"@id\":\"https:\/\/educatennis.com\/rafanadalacademycamps\/producto\/entrenamiento-integral\/#primaryimage\",\"inLanguage\":\"es\",\"url\":\"https:\/\/educatennis.com\/rafanadalacademycamps\/wp-content\/uploads\/2020\/02\/tennis_galactic_ball_sport_universe_orbit_galaxy_globe-626893.jpgd-ok.jpg\",\"contentUrl\":\"https:\/\/educatennis.com\/rafanadalacademycamps\/wp-content\/uploads\/2020\/02\/tennis_galactic_ball_sport_universe_orbit_galaxy_globe-626893.jpgd-ok.jpg\",\"width\":1880,\"height\":1283},{\"@type\":\"WebPage\",\"@id\":\"https:\/\/educatennis.com\/rafanadalacademycamps\/producto\/entrenamiento-integral\/#webpage\",\"url\":\"https:\/\/educatennis.com\/rafanadalacademycamps\/producto\/entrenamiento-integral\/\",\"name\":\"Entrenamiento integral - Educatennis\",\"isPartOf\":{\"@id\":\"https:\/\/educatennis.com\/rafanadalacademycamps\/en\/#website\"},\"primaryImageOfPage\":{\"@id\":\"https:\/\/educatennis.com\/rafanadalacademycamps\/producto\/entrenamiento-integral\/#primaryimage\"},\"datePublished\":\"2020-06-08T22:24:32+00:00\",\"dateModified\":\"2020-06-29T23:02:54+00:00\",\"breadcrumb\":{\"@id\":\"https:\/\/educatennis.com\/rafanadalacademycamps\/producto\/entrenamiento-integral\/#breadcrumb\"},\"inLanguage\":\"es\",\"potentialAction\":[{\"@type\":\"ReadAction\",\"target\":[\"https:\/\/educatennis.com\/rafanadalacademycamps\/producto\/entrenamiento-integral\/\"]}]},{\"@type\":\"BreadcrumbList\",\"@id\":\"https:\/\/educatennis.com\/rafanadalacademycamps\/producto\/entrenamiento-integral\/#breadcrumb\",\"itemListElement\":[{\"@type\":\"ListItem\",\"position\":1,\"name\":\"Portada\",\"item\":\"https:\/\/educatennis.com\/rafanadalacademycamps\/\"},{\"@type\":\"ListItem\",\"position\":2,\"name\":\"Tienda\",\"item\":\"https:\/\/educatennis.com\/rafanadalacademycamps\/tienda\/\"},{\"@type\":\"ListItem\",\"position\":3,\"name\":\"Entrenamiento integral\"}]}]}<\/script>\n<!-- \/ Yoast SEO plugin. -->","yoast_head_json":{"title":"Entrenamiento integral - Educatennis","robots":{"index":"index","follow":"follow","max-snippet":"max-snippet:-1","max-image-preview":"max-image-preview:large","max-video-preview":"max-video-preview:-1"},"canonical":"https:\/\/educatennis.com\/rafanadalacademycamps\/producto\/entrenamiento-integral\/","og_locale":"es_ES","og_type":"article","og_title":"Entrenamiento integral - Educatennis","og_description":"Habilidades mentales y fundamentos del tenis. Mejora el trabajo de habilidades mentales en pista","og_url":"https:\/\/educatennis.com\/rafanadalacademycamps\/producto\/entrenamiento-integral\/","og_site_name":"Educatennis","article_publisher":"https:\/\/www.facebook.com\/educatennis","article_modified_time":"2020-06-29T23:02:54+00:00","og_image":[{"width":1880,"height":1283,"url":"https:\/\/educatennis.com\/rafanadalacademycamps\/wp-content\/uploads\/2020\/02\/tennis_galactic_ball_sport_universe_orbit_galaxy_globe-626893.jpgd-ok.jpg","type":"image\/jpeg"}],"twitter_card":"summary_large_image","twitter_misc":{"Tiempo de lectura":"3 minutos"},"schema":{"@context":"https:\/\/schema.org","@graph":[{"@type":"Organization","@id":"https:\/\/educatennis.com\/rafanadalacademycamps\/en\/#organization","name":"Educatennis","url":"https:\/\/educatennis.com\/rafanadalacademycamps\/en\/","sameAs":["https:\/\/www.facebook.com\/educatennis","https:\/\/www.instagram.com\/educatennis","https:\/\/www.youtube.com\/channel\/UCMVUY-lze1xyVPmFZsbdvyw"],"logo":{"@type":"ImageObject","@id":"https:\/\/educatennis.com\/rafanadalacademycamps\/en\/#logo","inLanguage":"es","url":"https:\/\/educatennis.com\/wp-content\/uploads\/2020\/05\/WPC_-Negativa-color-RGB-1.jpg","contentUrl":"https:\/\/educatennis.com\/wp-content\/uploads\/2020\/05\/WPC_-Negativa-color-RGB-1.jpg","width":169,"height":60,"caption":"Educatennis"},"image":{"@id":"https:\/\/educatennis.com\/rafanadalacademycamps\/en\/#logo"}},{"@type":"WebSite","@id":"https:\/\/educatennis.com\/rafanadalacademycamps\/en\/#website","url":"https:\/\/educatennis.com\/rafanadalacademycamps\/en\/","name":"Educatennis","description":"Educatennis","publisher":{"@id":"https:\/\/educatennis.com\/rafanadalacademycamps\/en\/#organization"},"potentialAction":[{"@type":"SearchAction","target":{"@type":"EntryPoint","urlTemplate":"https:\/\/educatennis.com\/rafanadalacademycamps\/en\/?s={search_term_string}"},"query-input":"required name=search_term_string"}],"inLanguage":"es"},{"@type":"ImageObject","@id":"https:\/\/educatennis.com\/rafanadalacademycamps\/producto\/entrenamiento-integral\/#primaryimage","inLanguage":"es","url":"https:\/\/educatennis.com\/rafanadalacademycamps\/wp-content\/uploads\/2020\/02\/tennis_galactic_ball_sport_universe_orbit_galaxy_globe-626893.jpgd-ok.jpg","contentUrl":"https:\/\/educatennis.com\/rafanadalacademycamps\/wp-content\/uploads\/2020\/02\/tennis_galactic_ball_sport_universe_orbit_galaxy_globe-626893.jpgd-ok.jpg","width":1880,"height":1283},{"@type":"WebPage","@id":"https:\/\/educatennis.com\/rafanadalacademycamps\/producto\/entrenamiento-integral\/#webpage","url":"https:\/\/educatennis.com\/rafanadalacademycamps\/producto\/entrenamiento-integral\/","name":"Entrenamiento integral - Educatennis","isPartOf":{"@id":"https:\/\/educatennis.com\/rafanadalacademycamps\/en\/#website"},"primaryImageOfPage":{"@id":"https:\/\/educatennis.com\/rafanadalacademycamps\/producto\/entrenamiento-integral\/#primaryimage"},"datePublished":"2020-06-08T22:24:32+00:00","dateModified":"2020-06-29T23:02:54+00:00","breadcrumb":{"@id":"https:\/\/educatennis.com\/rafanadalacademycamps\/producto\/entrenamiento-integral\/#breadcrumb"},"inLanguage":"es","potentialAction":[{"@type":"ReadAction","target":["https:\/\/educatennis.com\/rafanadalacademycamps\/producto\/entrenamiento-integral\/"]}]},{"@type":"BreadcrumbList","@id":"https:\/\/educatennis.com\/rafanadalacademycamps\/producto\/entrenamiento-integral\/#breadcrumb","itemListElement":[{"@type":"ListItem","position":1,"name":"Portada","item":"https:\/\/educatennis.com\/rafanadalacademycamps\/"},{"@type":"ListItem","position":2,"name":"Tienda","item":"https:\/\/educatennis.com\/rafanadalacademycamps\/tienda\/"},{"@type":"ListItem","position":3,"name":"Entrenamiento integral"}]}]}},"_links":{"self":[{"href":"https:\/\/educatennis.com\/rafanadalacademycamps\/wp-json\/wp\/v2\/product\/28516"}],"collection":[{"href":"https:\/\/educatennis.com\/rafanadalacademycamps\/wp-json\/wp\/v2\/product"}],"about":[{"href":"https:\/\/educatennis.com\/rafanadalacademycamps\/wp-json\/wp\/v2\/types\/product"}],"replies":[{"embeddable":true,"href":"https:\/\/educatennis.com\/rafanadalacademycamps\/wp-json\/wp\/v2\/comments?post=28516"}],"wp:featuredmedia":[{"embeddable":true,"href":"https:\/\/educatennis.com\/rafanadalacademycamps\/wp-json\/wp\/v2\/media\/13442"}],"wp:attachment":[{"href":"https:\/\/educatennis.com\/rafanadalacademycamps\/wp-json\/wp\/v2\/media?parent=28516"}],"wp:term":[{"taxonomy":"product_cat","embeddable":true,"href":"https:\/\/educatennis.com\/rafanadalacademycamps\/wp-json\/wp\/v2\/product_cat?post=28516"},{"taxonomy":"product_tag","embeddable":true,"href":"https:\/\/educatennis.com\/rafanadalacademycamps\/wp-json\/wp\/v2\/product_tag?post=28516"}],"curies":[{"name":"wp","href":"https:\/\/api.w.org\/{rel}","templated":true}]}}